{"id":1160,"date":"2018-02-20T22:44:31","date_gmt":"2018-02-20T22:44:31","guid":{"rendered":"http:\/\/blog.griechische-filmtage-nbg.de\/?page_id=1160"},"modified":"2024-11-08T00:07:36","modified_gmt":"2024-11-08T00:07:36","slug":"home","status":"publish","type":"page","link":"https:\/\/griechische-filmtage-nbg.de\/","title":{"rendered":"HOME"},"content":{"rendered":"<p>[et_pb_section bb_built=&#8220;1&#8243; fullwidth=&#8220;on&#8220; _builder_version=&#8220;3.0.47&#8243;][et_pb_fullwidth_image src=&#8220;https:\/\/griechische-filmtage-nbg.de\/wp-content\/uploads\/2024\/10\/gft_banner8x5-WEB.jpg&#8220; _builder_version=&#8220;3.0.98&#8243; show_in_lightbox=&#8220;off&#8220; url_new_window=&#8220;off&#8220; use_overlay=&#8220;off&#8220;]<\/p>\n<p>&nbsp;<\/p>\n<p>[\/et_pb_fullwidth_image][\/et_pb_section][et_pb_section bb_built=&#8220;1&#8243; _builder_version=&#8220;3.0.47&#8243;][et_pb_row][et_pb_column type=&#8220;4_4&#8243;][et_pb_text _builder_version=&#8220;3.0.98&#8243; background_layout=&#8220;light&#8220;]<\/p>\n<div class=\"et_pb_text et_pb_module et_pb_bg_layout_light et_pb_text_align_left et_pb_text_0\">\n<div class=\"et_pb_text_inner\">\n<h2 style=\"text-align: left;\">8. GRIECHISCHE FILMTAGE<\/h2>\n<p>Vom 20.11. bis zum 24.11.2024 finden im Filmhaus N\u00fcrnberg die Griechischen Filmtage statt. In deutscher Sprache untertitelt werden neueste Werke des griechischen Films angeboten \u2013 hier eine Auswahl: Der Dokumentarfilm MARY, MARIANNA, MARIA von Vasilis Louras beleuchtet die Jahre, in denen Maria Callas in Athen w\u00e4hrend des Zweiten Weltkriegs als Frau und K\u00fcnstlerin erwachsen wurde. Im Film ANIMAL gibt Regisseurin Sofia Exarchou Einblick in das Leben von Animateur*innen eines All-Inclusive-Inselresorts, die sich unter hei\u00dfen griechischen Sonne auf die gesch\u00e4ftige Touristensaison vorbereiten. DIE M\u00d6RDERIN von Eva Nathena erz\u00e4hlt die Geschichte einer Frau auf einer dystopischen griechischen Insel um 1900. Regisseurin Asimina Proedrou erforscht in ihrem intensiven und visuell lyrischen Film HINTER DEN FASSADEN religi\u00f6se Heuchelei, Fremdenfeindlichkeit und restriktive Grenzen.<b> <\/b>Spiros Jacovides gibt sein Regiedeb\u00fct mit der herzerw\u00e4rmenden Tragikom\u00f6die BLACK STONE, in der eine griechische Mutter nach ihrem verlorenen Sohn sucht. In ARCADIA entfaltet Yorgos Zois eine eindringliche Geschichte \u00fcber Liebe, Verlust, Akzeptanz und Loslassen. Yorgos Lanthimos, der international renommierteste griechische Regisseur, der den Sprung nach Hollywood schaffte, schrieb mit seinem angestammten Drehbuchautor Efthimis Filippou KINDS OF KINDNESS, der sich klar auf die widerspenstigen Anf\u00e4nge Lanthimos Karriere besinnt.\u00a0Und DER SOMMER MIT CARMEN des Regisseurs Zacharias Mavroeidis beweist, dass griechisches Kino nicht nur tiefgr\u00fcndig, sondern auch sexy und queer sein kann.<\/p>\n<p><a name=\"Bookmark\"><\/a>Neben den cineastischen Arbeiten wird das Programm der Griechischen Filmtage durch musikalische Live Auff\u00fchrungen, einer Lesung und durch Gespr\u00e4che hochkar\u00e4tiger G\u00e4ste des griechischen Films abgerundet. Highlight des Rahmenprogramms ist das Konzert der Musiker Pantelis Thalassinos und Yorgos Kazantzis.<\/p>\n<\/div>\n<\/div>\n<p>[\/et_pb_text][\/et_pb_column][\/et_pb_row][et_pb_row][et_pb_column type=&#8220;4_4&#8243;][et_pb_video _builder_version=&#8220;3.0.98&#8243; src=&#8220;https:\/\/www.youtube.com\/watch?v=7I1z2srynRc&#8220; \/][\/et_pb_column][\/et_pb_row][\/et_pb_section][et_pb_section bb_built=&#8220;1&#8243; _builder_version=&#8220;3.0.47&#8243;][et_pb_row _builder_version=&#8220;3.0.47&#8243; background_size=&#8220;initial&#8220; background_position=&#8220;top_left&#8220; background_repeat=&#8220;repeat&#8220;][\/et_pb_row][\/et_pb_section][et_pb_section bb_built=&#8220;1&#8243; admin_label=&#8220;section&#8220; module_id=&#8220;start&#8220; custom_padding_last_edited=&#8220;on|desktop&#8220; _builder_version=&#8220;3.0.98&#8243; custom_margin=&#8220;0px|||&#8220; custom_padding=&#8220;0px|||&#8220; custom_padding_tablet=&#8220;50px|0|50px|0&#8243;][et_pb_row custom_padding=&#8220;||0px|&#8220; custom_margin=&#8220;||0px|&#8220; _builder_version=&#8220;3.0.98&#8243;][et_pb_column type=&#8220;4_4&#8243;][et_pb_text _builder_version=&#8220;3.0.98&#8243;]<\/p>\n<h4>Gef\u00f6rdert durch:<\/h4>\n<p>[\/et_pb_text][\/et_pb_column][\/et_pb_row][et_pb_row admin_label=&#8220;row&#8220; custom_padding=&#8220;||50px|&#8220; custom_margin=&#8220;0px|||&#8220; column_padding_mobile=&#8220;on&#8220; _builder_version=&#8220;3.0.98&#8243; background_size=&#8220;initial&#8220; background_position=&#8220;top_left&#8220; background_repeat=&#8220;repeat&#8220;][et_pb_column type=&#8220;1_2&#8243;][et_pb_image src=&#8220;https:\/\/griechische-filmtage-nbg.de\/wp-content\/uploads\/2024\/10\/webLOGO-filmhausWEB-1.jpg&#8220; _builder_version=&#8220;3.0.98&#8243; show_in_lightbox=&#8220;off&#8220; url_new_window=&#8220;off&#8220; use_overlay=&#8220;off&#8220; always_center_on_mobile=&#8220;on&#8220; force_fullwidth=&#8220;off&#8220; show_bottom_space=&#8220;on&#8220;]<\/p>\n<p>&nbsp;<\/p>\n<p>[\/et_pb_image][\/et_pb_column][et_pb_column type=&#8220;1_4&#8243;][et_pb_image _builder_version=&#8220;3.0.98&#8243; src=&#8220;https:\/\/griechische-filmtage-nbg.de\/wp-content\/uploads\/2024\/11\/web-sponsor-5.jpg&#8220; show_in_lightbox=&#8220;off&#8220; url_new_window=&#8220;off&#8220; use_overlay=&#8220;off&#8220; always_center_on_mobile=&#8220;on&#8220; force_fullwidth=&#8220;off&#8220; show_bottom_space=&#8220;on&#8220; \/][\/et_pb_column][et_pb_column type=&#8220;1_4&#8243;][\/et_pb_column][\/et_pb_row][et_pb_row admin_label=&#8220;row&#8220; custom_padding=&#8220;||50px|&#8220; custom_margin=&#8220;0px|||&#8220; column_padding_mobile=&#8220;on&#8220; _builder_version=&#8220;3.0.98&#8243; background_size=&#8220;initial&#8220; background_position=&#8220;top_left&#8220; background_repeat=&#8220;repeat&#8220;][et_pb_column type=&#8220;1_4&#8243;][et_pb_image src=&#8220;https:\/\/griechische-filmtage-nbg.de\/wp-content\/uploads\/2024\/11\/web-sponsor-1.jpg&#8220; _builder_version=&#8220;3.0.98&#8243; show_in_lightbox=&#8220;off&#8220; url_new_window=&#8220;off&#8220; use_overlay=&#8220;off&#8220; always_center_on_mobile=&#8220;on&#8220; force_fullwidth=&#8220;off&#8220; show_bottom_space=&#8220;on&#8220;]<\/p>\n<p>&nbsp;<\/p>\n<p>[\/et_pb_image][\/et_pb_column][et_pb_column type=&#8220;1_4&#8243;][et_pb_image _builder_version=&#8220;3.0.98&#8243; src=&#8220;https:\/\/griechische-filmtage-nbg.de\/wp-content\/uploads\/2024\/11\/web-sponsor-2.jpg&#8220; show_in_lightbox=&#8220;off&#8220; url_new_window=&#8220;off&#8220; use_overlay=&#8220;off&#8220; always_center_on_mobile=&#8220;on&#8220; force_fullwidth=&#8220;off&#8220; show_bottom_space=&#8220;on&#8220; \/][\/et_pb_column][et_pb_column type=&#8220;1_4&#8243;][et_pb_image _builder_version=&#8220;3.0.98&#8243; src=&#8220;https:\/\/griechische-filmtage-nbg.de\/wp-content\/uploads\/2024\/11\/web-sponsor-3.jpg&#8220; show_in_lightbox=&#8220;off&#8220; url_new_window=&#8220;off&#8220; use_overlay=&#8220;off&#8220; always_center_on_mobile=&#8220;on&#8220; force_fullwidth=&#8220;off&#8220; show_bottom_space=&#8220;on&#8220; \/][\/et_pb_column][et_pb_column type=&#8220;1_4&#8243;][et_pb_image _builder_version=&#8220;3.0.98&#8243; src=&#8220;https:\/\/griechische-filmtage-nbg.de\/wp-content\/uploads\/2024\/11\/web-sponsor-4.jpg&#8220; show_in_lightbox=&#8220;off&#8220; url_new_window=&#8220;off&#8220; use_overlay=&#8220;off&#8220; always_center_on_mobile=&#8220;on&#8220; force_fullwidth=&#8220;off&#8220; show_bottom_space=&#8220;on&#8220; \/][\/et_pb_column][\/et_pb_row][\/et_pb_section]<\/p>\n","protected":false},"excerpt":{"rendered":"<p>[et_pb_section bb_built=&#8220;1&#8243; fullwidth=&#8220;on&#8220; _builder_version=&#8220;3.0.47&#8243;][et_pb_fullwidth_image src=&#8220;https:\/\/griechische-filmtage-nbg.de\/wp-content\/uploads\/2024\/10\/gft_banner8x5-WEB.jpg&#8220; _builder_version=&#8220;3.0.98&#8243; show_in_lightbox=&#8220;off&#8220; url_new_window=&#8220;off&#8220; use_overlay=&#8220;off&#8220;] &nbsp; [\/et_pb_fullwidth_image][\/et_pb_section][et_pb_section bb_built=&#8220;1&#8243; _builder_version=&#8220;3.0.47&#8243;][et_pb_row][et_pb_column type=&#8220;4_4&#8243;][et_pb_text _builder_version=&#8220;3.0.98&#8243; background_layout=&#8220;light&#8220;] 8. GRIECHISCHE FILMTAGE Vom 20.11. bis zum 24.11.2024 finden im Filmhaus N\u00fcrnberg die Griechischen Filmtage statt. In deutscher Sprache untertitelt werden neueste Werke des griechischen Films angeboten \u2013 hier eine Auswahl: Der Dokumentarfilm MARY, MARIANNA, MARIA von Vasilis Louras [&hellip;]<\/p>\n","protected":false},"author":1,"featured_media":0,"parent":0,"menu_order":0,"comment_status":"closed","ping_status":"closed","template":"","meta":[],"_links":{"self":[{"href":"https:\/\/griechische-filmtage-nbg.de\/index.php?rest_route=\/wp\/v2\/pages\/1160"}],"collection":[{"href":"https:\/\/griechische-filmtage-nbg.de\/index.php?rest_route=\/wp\/v2\/pages"}],"about":[{"href":"https:\/\/griechische-filmtage-nbg.de\/index.php?rest_route=\/wp\/v2\/types\/page"}],"author":[{"embeddable":true,"href":"https:\/\/griechische-filmtage-nbg.de\/index.php?rest_route=\/wp\/v2\/users\/1"}],"replies":[{"embeddable":true,"href":"https:\/\/griechische-filmtage-nbg.de\/index.php?rest_route=%2Fwp%2Fv2%2Fcomments&post=1160"}],"version-history":[{"count":48,"href":"https:\/\/griechische-filmtage-nbg.de\/index.php?rest_route=\/wp\/v2\/pages\/1160\/revisions"}],"predecessor-version":[{"id":1537,"href":"https:\/\/griechische-filmtage-nbg.de\/index.php?rest_route=\/wp\/v2\/pages\/1160\/revisions\/1537"}],"wp:attachment":[{"href":"https:\/\/griechische-filmtage-nbg.de\/index.php?rest_route=%2Fwp%2Fv2%2Fmedia&parent=1160"}],"curies":[{"name":"wp","href":"https:\/\/api.w.org\/{rel}","templated":true}]}}